of w and 10?
10
Let n be (4 - 114/27) + 106/(-9). Let z be -8*(n/8 - 0). Let i be 2/(-8) - 386/(-8). Calculate the highest common factor of i and z.
12
Let r = -66 + 284. Suppose 214*d - r*d = -52. Calculate the greatest common factor of 26 and d.
13
Let o be 70*2/4*(2 + -1). Calculate the highest common divisor of 336 and o.
7
Let u(o) = -o**3 - 4*o**2 + 5*o. Suppose 4*v - 6 + 26 = 0. Let p be u(v). Let d(j) = j**3 + 14. Let i be d(p). Calculate the greatest common factor of i and 42.
14
Let s be (-5 - -14)/(-3)*4/3. Let l be 210/s*(-20)/25. Calculate the highest common divisor of l and 7.
7
Suppose -4*g + 0*g = -5*o + 24, 3*g - o = -7. Let a be 35 - (g - (-6 + 3)). What is the greatest common factor of 363 and a?
33
Suppose -3*j = -w + 12, w = 5*j - 0*j + 18. Let n be 2/(w*((-6)/(-261) + 0)). What is the greatest common factor of n and 87?
29
Let i be 12/2*((13 - -5) + 6). Suppose -q - i = -10*q. What is the highest common factor of 80 and q?
16
Suppose 20 = 2*l - 10. Let m = -9 + l. Suppose 28*n = 143 - 31. What is the highest common factor of m and n?
2
Suppose -n + 2*n + 5*h = 10, 0 = -5*n + 4*h + 195. Suppose 9*g - n = 4*g. Calculate the greatest common divisor of 77 and g.
7
Let n(l) = -l**2 + 6*l + 6. Let i be n(7). Let u = 1 - i. Suppose -f - f = -8. What is the greatest common divisor of f and u?
2
Let c(t) = 3*t**2 - 3*t - 8. Let m be c(4). Suppose -3*p - 9 = 0, 2*j + 2*p - 78 = -j. What is the greatest common divisor of j and m?
28
Let g = 1 + 10. Suppose -4 = -8*h + 788. What is the greatest common divisor of h and g?
11
Let s(f) = f**2 + 8*f - 9. Let j be s(-9). Suppose -i - 4*i + 990 = j. Calculate the highest common divisor of i and 18.
18
Let r(g) = -16*g + 160. Let j(u) = 3*u - 32. Let n(q) = -11*j(q) - 2*r(q). Let y be n(16). Suppose c = -3*c + y. What is the highest common divisor of c and 4?
4
Let y(z) = -7*z + 11. Let t(v) = -v**3 + 4*v - 5. Let k be t(2). Let p be y(k). What is the greatest common factor of p and 69?
23
Suppose -3*i - b = -6, -2*i + 6*b + 4 = 8*b. Suppose 3*x = u - 218, -2*x + 3*x = -i*u + 450. Calculate the highest common divisor of u and 32.
32
Let b be ((-2)/8)/((-12)/336). Let m(o) = o + 8*o - o**2 - o - 3. Let w be m(b). Calculate the greatest common factor of w and 28.
4
Suppose -3*i = 2*i - 55. Let m(j) = j - 9. Let u be m(i). Suppose 2*w + 70 = 3*c, -2*w = 6 + 4. Calculate the highest common divisor of c and u.
2
Suppose 0 = -140*b + 3433 - 773. Calculate the greatest common factor of 779 and b.
19
Let o = -548 - -552. Calculate the greatest common divisor of 14 and o.
2
Let d = -1253 + 1283. What is the highest common divisor of 50 and d?
10
Let p be (-300)/(-105)*(-11)/2*-7. Let i(v) = 3*v**2 - 5. Let g be i(-3). Calculate the highest common divisor of g and p.
22
Let x(w) = -w**2 + 7*w + 59. Let y be x(11). What is the highest common factor of y and 9?
3
Let a(h) = 10*h - 99. Let c be a(14). What is the greatest common factor of 779 and c?
41
Suppose -3*p - 3*y - 22 = -y, 4*p = -5*y - 20. Let w be (-5)/25 + 8/p. Let c be w/(3/(-21)) + 2. What is the greatest common factor of c and 18?
9
Let i = -272 + 273. Let w(g) = -g**2 + 4*g. Let l be w(2). Suppose 0 = 5*c + b, -2*b - 3 - 11 = -l*c. Calculate the greatest common factor of i and c.
1
Let v(i) = -2*i + 88. Let f be v(7). Calculate the highest common divisor of 888 and f.
74
Suppose -3*u - 228 = -5*d, -34 = -5*d - 3*u + 188. Calculate the greatest common factor of d and 9.
9
Let g(a) = 4*a + 91. Let d be g(-7). Suppose 180 = 3*c - 135. What is the highest common factor of c and d?
21
Let j be -17 + 17 - 4*-5. Suppose 0 = -4*b + 24 + j. What is the highest common factor of 99 and b?
11
Let a = 113 - -69. Let f = 1615 - 1601. What is the highest common divisor of f and a?
14
Let p = 5 - 5. Suppose p = -3*q + 6*q. Suppose q = 2*s + 14 - 64. What is the greatest common factor of s and 5?
5
Suppose 4*d + 0*d + 12 = 5*i, -15 = 4*i + 5*d. Suppose i = 2*n - 8 + 44. Let a = n - -30. What is the highest common factor of 12 and a?
12
Let y(v) = -23 + 2*v**3 + 51 - 30 - v**3 + 4*v**2 + 2*v. Let s be y(-2). Suppose 2*n = -n + 18. What is the highest common factor of n and s?
2
Let d(g) = 2*g**3 - 5*g**2 + 3*g - 5. Let f be d(5). Let p(l) = l + 73. Let v be p(-46). Calculate the highest common factor of f and v.
27
Let i = 30 + 84. What is the greatest common divisor of i and 494?
38
Suppose 0 = 19*f - 20*f - 3*x + 15, -5*f = 4*x - 64. Calculate the highest common factor of f and 510.
6
Suppose -3*i = -5*i - 2. Let q(t) = -2*t. Let w be q(i). What is the highest common factor of 5 and w?
1
Let t be (-2)/4*-2 - 161/(-1). Suppose -10*h + h + t = 0. What is the greatest common divisor of h and 198?
18
Let t(m) = -4*m - 9. Let w be t(-5). Let v(h) = h**2 - 11*h + 6. Let k be v(w). Calculate the greatest common factor of k and 15.
3
Suppose 0 = -11*l + 5014 + 2466. What is the greatest common divisor of 10 and l?
10
Suppose -159 = -4*g + 241. Suppose -4*u - 39 - g = -3*q, 2*q + 5*u = 85. Let x be 1/(-1) - (-5 - 1). What is the greatest common divisor of x and q?
5
Let x(m) = -m + 12. Let v = -15 + 26. Let t be x(v). Suppose 3*z = 2 + 1. Calculate the greatest common factor of t and z.
1
Let r = 168 + -159. Calculate the greatest common divisor of 225 and r.
9
Suppose -6*l - 10 = -l. Suppose 5*y + 2*a - 9 = 0, 6*y - 6 = y - 3*a. Let x = y - l. Calculate the highest common factor of x and 2.
1
Suppose 10*z - 8*z + 76 = 0. Let r be 202/4 - -1 - (-19)/z. What is the greatest common divisor of r and 85?
17
Suppose -3*u = -8 - 13. Suppose 0 = 4*a + 2*z + 36, 0 = 5*a - 5*z - u + 82. Let w = -3 - a. What is the highest common factor of w and 32?
8
Let b be 10 - (0/3)/2. Let p(y) = -100*y + 2. Let k be p(-1). Suppose -2*z + k + 118 = 0. What is the greatest common factor of z and b?
10
Suppose 8*u + 1240 = 16*u. Suppose u = 4*n + n. Calculate the highest common factor of n and 124.
31
Let b = -2567 - -4287. Let m be b/(-70)*7/(-2). What is the greatest common divisor of 215 and m?
43
Let q = 447 + -411. What is the greatest common factor of 30 and q?
6
Suppose 0 = 18*d - 14*d - 4. Let r be d/((24/(-20))/(-6)). What is the greatest common factor of 55 and r?
5
Let t(c) = -3*c**3 + 6*c**2 + 8*c + 3. Let z be t(-2). What is the greatest common divisor of z and 21?
7
Suppose 0*m + 5*m - 300 = 0. Let r(l) = l**2 + 6*l + 7. Let h be r(-4). Let n be h + -4 + (-30)/(-2). What is the highest common factor of m and n?
10
Suppose -3*q + 3*k = -30, -2*q - 3*k = 2*q - 47. Calculate the highest common factor of 286 and q.
11
Let s = -378 - -395. What is the greatest common factor of 442 and s?
17
Let y = 2212 + -1243. What is the highest common factor of 51 and y?
51
Suppose w - 507 = -186. Suppose 0*x = x + 4*b - 69, 4*b = 5*x - w. Suppose l + 52 = 3*l. What is the highest common factor of l and x?
13
Suppose -208*c = -205*c - 1008. What is the highest common divisor of 96 and c?
48
Suppose -5*u = -3*c + 20, -c = c + 2*u - 40. Let i(k) = -k**3 - 8*k**2 - 4*k - 7. Let j be i(-8). Calculate the greatest common factor of j and c.
5
Let p be (0 - -2)/((-6)/(-117)). Suppose 0 = -5*z + 3*h + 129, z = -3*h + p - 6. Calculate the greatest common factor of 216 and z.
27
Let v be (-40)/200 + 362/10. Calculate the highest common factor of 12 and v.
12
Let q = -595 + 690. What is the greatest common factor of 10 and q?
5
Suppose 0 = 3*u - 231 - 138. Calculate the highest common factor of u and 410.
41
Let t(q) = 7*q + 544. Let a be t(18). What is the greatest common divisor of 10 and a?
10
Suppose -6*n + 8*n + 308 = 5*o, 0 = -4*o + 4*n + 256. Calculate the highest common divisor of 165 and o.
15
Suppose -y + 3*o + 186 = 2*y, -56 = -y - 2*o. What is the greatest common divisor of y and 165?
15
Let n(q) = 4 - 3*q - 23 - 3*q. Let v be n(-17). Let k = v - 48. What is the greatest common divisor of k and 14?
7
Let s(p) = -p**3 - 11*p**2 - 3*p + 32. Let q be s(-11). What is the highest common factor of q and 5?
5
Suppose -8*r = -15*r + 336. What is the greatest common factor of r and 56?
8
Let w = 34 + -18. Suppose 5*z + 3*j - 1027 + 113 = 0, -j = -z + 186. Let f = -40 + z. Calculate the greatest common factor of f and w.
16
Suppose 0 = -24*p + 2424 - 600. What is the highest common divisor of p